385bb
In base 16, what is -b5ebe7 + -1?
-b5ebe8
In base 16, what is -6 - -2da5b69?
2da5b63
In base 9, what is 13355574 - 3?
13355571
In base 8, what is 44112 + -101731?
-35617
In base 11, what is 163a79 - 180?
1638a9
In base 9, what is -2822232 - 476?
-2822718
In base 8, what is 3672 - 33631?
-27737
In base 8, what is -12110 - 23336?
-35446
In base 16, what is -7e8 - -254?
-594
In base 16, what is -ad500 - a0?
-ad5a0
In base 14, what is -3d65c - -83?
-3d5b9
In base 5, what is 20 - 124302130134?
-124302130114
In base 4, what is 123230211100 + -11?
123230211023
In base 4, what is 3 + 1233330213301?
1233330213310
In base 13, what is -13a53 + 233?
-13820
In base 11, what is 5689 - 15a91?
-10403
In base 4, what is -3300232 + 31201?
-3203031
In base 9, what is -231165 - 3684?
-234860
In base 4, what is 12111033 - 11122?
12033311
In base 7, what is -1 - 3331656?
-3331660
In base 9, what is -1355442 + 104?
-1355337
In base 9, what is 150084810 - -2?
150084812
In base 8, what is 1274 + 13721?
15215
In base 4, what is 10 - 1201021320?
-1201021310
In base 8, what is -4643075224 - 1?
-4643075225
In base 12, what is 754b8 + -718?
749a0
In base 7, what is 213 + 4041113?
4041326
In base 3, what is 212002122012112120 + 10?
212002122012112200
In base 6, what is 1105133132 - -4?
1105133140
In base 9, what is 742276 - -216?
742503
In base 8, what is -453574 + 713?
-452661
In base 10, what is 31922 + -412?
31510
In base 3, what is 11 - 11111202201?
-11111202120
In base 15, what is -2e604 - b6e?
-30273
In base 12, what is -19 + a477?
a45a
In base 8, what is -166721 - 635?
-167556
In base 13, what is -1828c - -1b54?
-16438
In base 7, what is 12643 + 12244?
25220
In base 5, what is 43040 + 1240?
44330
In base 4, what is -10 + -22113201330331?
-22113201331001
In base 12, what is -7 + -2b5028?
-2b5033
In base 8, what is -3 + -11635112?
-11635115
In base 6, what is -4 + 11141411?
11141403
In base 5, what is 1103 + 20110344?
20112002
In base 2, what is -101 + 1001000101000000110101111000?
1001000101000000110101110011
In base 14, what is -202 + 3bd0?
39cc
In base 14, what is -1dd48a + 1a0?
-1dd2ca
In base 7, what is 114 + -624440?
-624323
In base 13, what is 4 - -3096813?
3096817
In base 8, what is 3 + 366356756?
366356761
In base 9, what is 4687175 + -25?
4687150
In base 5, what is -3233422324 - 10?
-3233422334
In base 15, what is 174cea - -5a?
174d55
In base 6, what is -20420 + -2140421?
-2201241
In base 11, what is 36 + 353911?
353947
In base 15, what is 1bbbc + 387?
1c054
In base 6, what is -5 + -32354053452?
-32354053501
In base 16, what is -58e7aee - -5?
-58e7ae9
In base 10, what is -473241626 - 2?
-473241628
In base 12, what is 8224 + -486?
795a
In base 10, what is -21586 + 728?
-20858
In base 16, what is 2b5a3f7 + 1?
2b5a3f8
In base 10, what is 220 - 32202?
-31982
In base 9, what is 2 - -13848513?
13848515
In base 2, what is -110 + 10010100011001101010?
10010100011001100100
In base 10, what is -124 - 148549?
-148673
In base 13, what is -c688 - 6c0c?
-16597
In base 5, what is -43401221 + 2?
-43401214
In base 2, what is 10011101110110101100100 + 1001?
10011101110110101101101
In base 7, what is -553040665 - 1?
-553040666
In base 3, what is -11 + -12002020110011?
-12002020110022
In base 14, what is -21 + -d64962?
-d64983
In base 6, what is -21001501 + -41?
-21001542
In base 8, what is 5 - 512436036?
-512436031
In base 13, what is -a7 - 138c4?
-1399b
In base 10, what is 841977 + -38?
841939
In base 13, what is 1b4360 + -a?
1b4353
In base 16, what is -2f8f54 - 1f?
-2f8f73
In base 14, what is a7abc - 53?
a7a69
In base 15, what is -1806a + 1767?
-16803
In base 9, what is -330026 + -2374?
-332411
In base 4, what is -2132123110 + -211?
-2132123321
In base 8, what is -30 - -10253165?
10253135
In base 10, what is 5 - -2788669?
2788674
In base 6, what is 5 - -1545125024?
1545125033
In base 3, what is 212210200111001 - -2?
212210200111010
In base 13, what is 5 - 5306a3?
-53069b
In base 4, what is 1001321 - 22223?
313032
In base 14, what is 437459 - 10?
437449
In base 10, what is 326791 + -77?
326714
In base 14, what is 17 + 55d3d7?
55d410
In base 15, what is a1b702 - 8?
a1b6e9
In base 8, what is 167522 - 315?
167205
In base 16, what is 663ccb7 - 5?
663ccb2
In base 7, what is -2450 + 1143123?
1140343
In base 14, what is 1 + 131974?
131975
In base 13, what is 295735 - 4?
295731
In base 2, what is 100100100110100100111 - 10011100?
100100100110010001011
In base 16, what is -49 + 165f70?
165f27
In base 13, what is -18278 - -494?
-17ab4
In base 8, what is 2245 - -226665?
231132
In base 5, what is 11101223234 - 10?
11101223224
In base 3, what is 12 - -120210120221212?
120210120222001
In base 13, what is 837045 - 1?
837044
In base 15, what is -743ab - -260?
-7414b
In base 14, what is -2 - -10c73b22?
10c73b20
In base 16, what is 4 - 91ee9a?
-91ee96
In base 8, what is 34 + 106050367?
106050423
In base 13, what is 10908 + -1b6?
10722
In base 13, what is 4 - 71739?
-71735
In base 6, what is -13515 + -2100231?
-2114150
In base 8, what is -133 + -1517726?
-1520061
In base 11, what is -24 + -3721a2?
-372216
In base 8, what is 12023750 + -5?
12023743
In base 14, what is -441 - -3c6?
-59
In base 11, what is 0 - -44306168?
44306168
In base 6, what is 1000 - 455353?
-454353
In base 5, what is -124302202231 + -2?
-124302202233
In base 8, what is -1122207120 - -4?
-1122207114
In base 5, what is 1 + 432403132?
432403133
In base 13, what is 84c4 + c43?
9437
In base 14, what is -89daa1b - -5?
-89daa16
In base 16, what is -171967 + -27?
-17198e
In base 13, what is -34904 + 24?
-348b0
In base 6, what is 1015 + 3432314?
3433333
In base 11, what is -5302167a - 4?
-53021683
In base 6, what is 21313221 + -51?
21313130
In base 10, what is -59637 + -151?
-59788
In base 15, what is -351d + -111cc?
-146ea
In base 11, what is -2948 + -3295?
-6132
In base 13, what is -9 - 10027aa?
-10027b6
In base 14, what is -9c658 + -c9?
-9c743
In base 8, what is -3074101 - 142?
-3074243
In base 9, what is -7384 - -36267?
27773
In base 5, what is -2212012 + 1013212?
-1143300
In base 9, what is 1868001524 + -3?
1868001521
In base 14, what is -10ac8c - 547?
-10b3d5
In base 14, what is -6800 - 16?
-6816
In base 14, what is 1814b1a + -2?
1814b18
In base 14, what is 4 + 39ad37?
39ad3b
In base 10, what is -46325 + -2375?
-48700
In base 15, what is 25a6d + a8?
25b26
In base 7, what is 42463242551 + -3?
42463242545
In base 6, what is 4034 + 43422?
51500
In base 9, what is -5588578 + 271?
-5588307
In base 7, what is 43 + 200453?
200526
In base 7, what is -11362624 + -10?
-11362634
In base 6, what is 202 + -5054135?
-5053533
In base 14, what is -8aa90c + -21?
-8aa92d
In base 14, what is b21 - -39cab?
3a9cc
In base 11, what is 0 - -70a51a?
70a51a
In base 12, what is 5776 - -b689?
15243
In base 13, what is -2 + -1709b9c4?
-1709b9c6
In base 13, what is 18bc8b - -108?
18c096
In base 2, what is -101110010 + 1001001010110001010?
1001001010000011000
In base 5, what is -414104424 + 12?
-414104412
In base 4, what is -13200120 - 2020223?
-21221003
In base 14, what is 10482 - 28d?
101d3
In base 5, what is -30214122 + -1103?
-30220230
In base 3, what is -2 - 102022101102?
-102022101111
In base 4, what is 321 - -112032123?
112033110
In base 2, what is -100 + 11011100010111011000111?
11011100010111011000011
In base 4, what is -101331200 + 112302?
-101212232
In base 2, what is -100 - -1111001011011?
1111001010111
In base 3, what is -210 - 2100021101010?
-2100021101220
In base 12, what is -545a9 + 14?
-54595
In base 5, what is -1330 + -4012433?
-4014313
In base 3, what is 101001201111000001 + 1?
101001201111000002
In base 6, what is 51044344242 + -1?
51044344241
In base 16, what is 1dd3c96 - 4?
1dd3c92
In base 8, what is 1331 - 62062?
-60531
In base 14, what is -1d03 + 48cd?
29ca
In base 3, what is -10101 + -22210111222?
-22210122100
In base 16, what is -b4baa - -3?
-b4ba7
In base 5, what is -33204 - -2420143?
2331434
In base 16, what is b626a - f3?
b6177
In base 9, what is -53711706 + -5?
-53711712
In base 5, what is 1 - 113300444?
-113300443
In base 4, what is 2322 + -11032331?
-11030003
In base 10, what is 789 + -8318?
-7529
In base 13, what is 5 - -712a543?
712a548
In base 11, what is -28648a8 - -8?
-28648a0
In base 12, what is -6a33a + 363?
-